late the remainder when 1122522 is divided by 88.
82
Calculate the remainder when 450987 is divided by 13.
4
What is the remainder when 150818 is divided by 10772?
10
Calculate the remainder when 10487432 is divided by 3583.
3574
What is the remainder when 77570714 is divided by 5907?
5897
Calculate the remainder when 4611360 is divided by 922258.
70
Calculate the remainder when 72335 is divided by 35516.
1303
What is the remainder when 3676052 is divided by 1361?
1352
Calculate the remainder when 103297 is divided by 19392.
6337
What is the remainder when 6703908 is divided by 84?
36
What is the remainder when 143020 is divided by 17?
16
What is the remainder when 21333 is divided by 8091?
5151
Calculate the remainder when 2600199 is divided by 1451.
7
Calculate the remainder when 22182134 is divided by 454.
148
What is the remainder when 44642751 is divided by 234?
231
Calculate the remainder when 386255 is divided by 10438.
49
What is the remainder when 536695 is divided by 38?
21
What is the remainder when 258014 is divided by 37?
13
What is the remainder when 729782 is divided by 151?
150
What is the remainder when 2256335 is divided by 140?
95
Calculate the remainder when 1822554 is divided by 2486.
316
What is the remainder when 734855 is divided by 367427?
1
What is the remainder when 4627597 is divided by 575?
572
What is the remainder when 67718 is divided by 176?
134
Calculate the remainder when 52487 is divided by 45189.
7298
Calculate the remainder when 12875405 is divided by 184.
5
What is the remainder when 57204 is divided by 137?
75
Calculate the remainder when 1046406 is divided by 1902.
306
What is the remainder when 264979 is divided by 1359?
1333
What is the remainder when 7593995 is divided by 1975?
120
Calculate the remainder when 6879 is divided by 6426.
453
What is the remainder when 15437 is divided by 3859?
1
What is the remainder when 156339589 is divided by 685?
669
Calculate the remainder when 6211794 is divided by 7853.
71
What is the remainder when 986675 is divided by 89696?
19
What is the remainder when 5228836 is divided by 1847?
1826
Calculate the remainder when 1972264 is divided by 724.
88
Calculate the remainder when 5214925 is divided by 38065.
20
What is the remainder when 11881438 is divided by 16758?
16
What is the remainder when 7130134 is divided by 169?
24
Calculate the remainder when 3615716 is divided by 77.
27
What is the remainder when 65425228 is divided by 26?
24
Calculate the remainder when 10045041 is divided by 1004499.
51
Calculate the remainder when 1414609 is divided by 121.
119
Calculate the remainder when 3629869 is divided by 474.
451
Calculate the remainder when 9495507 is divided by 921.
918
Calculate the remainder when 150217 is divided by 469.
137
Calculate the remainder when 62913095 is divided by 81.
71
What is the remainder when 31022754 is divided by 7561?
7532
Calculate the remainder when 196188 is divided by 116.
32
What is the remainder when 7048321 is divided by 673?
665
Calculate the remainder when 128217 is divided by 2114.
1377
What is the remainder when 36327 is divided by 1133?
71
Calculate the remainder when 775507 is divided by 129251.
1
Calculate the remainder when 208361 is divided by 208163.
198
What is the remainder when 11272966 is divided by 72?
70
Calculate the remainder when 2818851 is divided by 15.
6
Calculate the remainder when 230372 is divided by 6061.
54
Calculate the remainder when 51918 is divided by 664.
126
What is the remainder when 51471073 is divided by 110?
93
Calculate the remainder when 127982 is divided by 126446.
1536
What is the remainder when 229355581 is divided by 138?
133
What is the remainder when 4293 is divided by 99?
36
What is the remainder when 2430687 is divided by 30380?
287
What is the remainder when 10196667 is divided by 363?
360
What is the remainder when 2209537 is divided by 38?
27
What is the remainder when 1949437 is divided by 974708?
21
Calculate the remainder when 79127 is divided by 18911.
3483
What is the remainder when 1065028 is divided by 19?
2
What is the remainder when 350646 is divided by 3514?
2760
What is the remainder when 206575 is divided by 715?
655
What is the remainder when 393019 is divided by 58?
11
Calculate the remainder when 9787009 is divided by 7.
1
What is the remainder when 11913945 is divided by 1985637?
123
What is the remainder when 626494 is divided by 5439?
1009
What is the remainder when 2121122 is divided by 100993?
269
What is the remainder when 148254 is divided by 37015?
194
Calculate the remainder when 1051920 is divided by 26298.
0
Calculate the remainder when 4797868 is divided by 119946.
28
What is the remainder when 1594491 is divided by 169?
145
Calculate the remainder when 308143 is divided by 1278.
145
Calculate the remainder when 3701096 is divided by 142341.
230
What is the remainder when 60014380 is divided by 29390?
0
Calculate the remainder when 634591 is divided by 1234.
315
Calculate the remainder when 2856176 is divided by 2647.
63
What is the remainder when 18412805 is divided by 163?
162
What is the remainder when 23706462 is divided by 2693?
2676
What is the remainder when 16177047 is divided by 2498?
2497
Calculate the remainder when 9190 is divided by 1779.
295
Calculate the remainder when 3844686 is divided by 9.
3
What is the remainder when 354957 is divided by 843?
54
What is the remainder when 5527097 is divided by 25?
22
Calculate the remainder when 4133864 is divided by 317989.
7
Calculate the remainder when 100846550 is divided by 132.
2
Calculate the remainder when 104913 is divided by 10458.
333
Calculate the remainder when 69543 is divided by 13245.
3318
Calculate the remainder when 415258132 is divided by 337.
329
Calculate the remainder when 1621390 is divided by 14099.
5
What is the remainder when 7078625 is divided by 98314?
17
Calculate the remainder when 15145980 is divided by 15145954.
26
What is the remainder when 2828630 is divided by 84?
14
What is the remainder when 540669 is divided by 1143?
30
Calculate the remainder when 136203983 is divided by 21.
20
What is the remainder when 119712 is divided by 2724?
2580
Calculate the remainder when 5801969 is divided by 1933976.
41
What is the remainder when 95762649 is divided by 50?
49
Calculate the remainder when 79844541 is divided by 576.
573
Calculate the remainder when 6095184 is divided by 12941.
12914
Calculate the remainder when 3916362 is divided by 52.
34
Calculate the remainder when 11534636 is divided by 52.
48
Calculate the remainder when 1092573 is divided by 16.
13
What is the remainder when 17885551 is divided by 2980921?
25
Calculate the remainder when 126967305 is divided by 2790.
2775
Calculate the remainder when 7718133 is divided by 1286299.
339
What is the remainder when 16758608 is divided by 2087?
2085
What is the remainder when 108948 is divided by 598?
112
What is the remainder when 260973 is divided by 6365?
8
What is the remainder when 376482 is divided by 163?
115
What is the remainder when 2013342 is divided by 671090?
72
Calculate the remainder when 7808122 is divided by 15132.
10
What is the remainder when 98892 is divided by 14117?
73
Calculate the remainder when 36464198 is divided by 158.
10
What is the remainder when 86135 is divided by 42891?
353
Calculate the remainder when 16407115 is divided by 186.
55
Calculate the remainder when 91518 is divided by 187.
75
Calculate the remainder when 35701662 is divided by 1739.
1731
Calculate the remainder when 592478 is divided by 197397.
287
Calculate the remainder when 3409 is divided by 2119.
1290
What is the remainder when 1917019 is divided by 479231?
95
What is the remainder when 5631441 is divided by 1877137?
30
What is the remainder when 3931910 is divided by 302453?
21
What is the remainder when 350969 is divided by 589?
514
Calculate the remainder when 903224 is divided by 903157.
67
Calculate the remainder when 22136491 is divided by 30.
1
What is the remainder when 128239 is divided by 560?
559
What is the remainder when 173780 is divided by 1139?
652
What is the remainder when 96603 is divided by 32168?
99
What is the remainder when 150199711 is divided by 3952?
3951
What is the remainder when 3411668